t d be o(3). Let l = d - 895. What is the highest common factor of 52 and l?
4
Let j = -19 - -34. Let k be 10 + (13 + -8 - 4)*5. What is the greatest common factor of k and j?
15
Let q = -6 + 7. Let x be 4/q + -3 - -23. Suppose 0*v + 8 = 4*v, 2*z = -5*v + 34. Calculate the greatest common factor of x and z.
12
Let u = 19978 + -19876. What is the highest common divisor of 594 and u?
6
Let j = 2553 - 2266. Calculate the greatest common factor of 56 and j.
7
Let y = -654 + 7993. What is the highest common factor of 82 and y?
41
Let o(s) = s**3 + 6*s**2 + 5*s - 6. Let u be o(-5). Let x be 20/u*(-5 - -2). Let q = -6453 + 6493. Calculate the greatest common divisor of x and q.
10
Let q be (-90)/36*4/(-5). Let d(x) = -7*x**2 + 2*x + 1. Let g be d(q). Let k be 28/1 + 18 + g. Calculate the highest common factor of 92 and k.
23
Let r = -76 - -83. Suppose 3*t - 146 = -62. Calculate the highest common divisor of t and r.
7
Let o be 14498/20 + 17 + 2873/(-170). What is the highest common divisor of o and 10?
5
Suppose 3*a - 9 = 0, -15 = -0*i - 3*i - 5*a. Suppose i = -4*j + 2*j + 24. Calculate the highest common divisor of 4 and j.
4
Suppose 0 = 173*k + 110104 - 603855 - 1285381. Calculate the greatest common divisor of k and 12.
12
Let d(k) = k**2 + 3*k. Let g = 193 - 198. Let r be d(g). Calculate the highest common divisor of r and 10.
10
Let b(w) = -3*w. Let j be b(-7). Suppose -8 + 4922 = 13*s. Suppose s = 7*a - 5*a. Calculate the highest common divisor of a and j.
21
Suppose 0 = 10*v + 3*v - v. Suppose b - 30 = -4*i, -3*b + v*b = -3*i - 60. Calculate the highest common divisor of 594 and b.
22
Let o be (34/(-4))/(8 - (-98)/(-12)). Suppose 61*u - 1200 = o*u. Suppose -k + 27 - 3 = 0. Calculate the highest common factor of k and u.
24
Suppose -2*o - 65 = -183. Let f = o + -33. Suppose -2*m - 122 = -2*p - 0*p, -3*m + 77 = p. What is the highest common factor of f and p?
13
Suppose -4133826 = 4*q - 183*q. What is the highest common factor of q and 36?
18
Suppose 0 = 5*w + 5*p - 80, 2*w + 4*p + 4 = 32. Suppose -5*f - 3*m = -8*m - 240, -f - 2*m + 39 = 0. What is the greatest common factor of w and f?
9
Let t(z) = 304*z + 2476. Let j be t(-8). What is the highest common divisor of j and 451?
11
Suppose 52*x + 57 = 785. What is the greatest common factor of 1085 and x?
7
Suppose -3*c = -2*d + 1856, -8*c + 10*c + 2779 = 3*d. What is the greatest common divisor of 37 and d?
37
Let t(v) = 14*v**2 - v + 2. Let r be t(-2). Suppose x = 5*p + 20, 0 = 40*x - 43*x - 2*p + 128. Calculate the greatest common divisor of x and r.
20
Suppose 0 = u - 2*u + 22. Let o(x) = 2*x**3 - 11*x**2 - 3*x + 15. Suppose 8 - 20 = -2*l. Let y be o(l). What is the greatest common factor of y and u?
11
Let t = -17668 - -17785. What is the greatest common factor of 5811 and t?
39
Suppose 6*x - 72 = -6*x. Let j(a) = a**2 + 3*a - 30. Let b be j(x). What is the greatest common divisor of b and 6?
6
Let n be (985/6 - (-27)/162)/(1/3). What is the highest common divisor of n and 203?
29
Suppose 5 = -3*w + 2*w. Let r be 3 + -3 + -2 - w. Let x = 1501 - 1497. Calculate the greatest common factor of x and r.
1
Let j = -544 + 593. What is the highest common factor of j and 3185?
49
Let v(f) = -2*f + 1. Let x be v(-1). Let l be 356/x*(-12)/8*-1. Suppose 0 = -6*m + 416 + l. What is the greatest common factor of m and 9?
9
Let h be (-38)/14 + 26/(-91) - (6 - 1119). Calculate the greatest common divisor of h and 30.
30
Suppose -5*q + 2*d = -1353, 12*d = 9*d + 3. Let u = q + -253. Calculate the highest common divisor of 198 and u.
18
Let m be (2 - (-9)/42*-7)*900. Calculate the highest common divisor of m and 108.
18
Suppose -1324 = -5*j - 299. Let z be 2*(528/(-8) - -1). Let m = j + z. What is the greatest common divisor of 30 and m?
15
Suppose -y + 47 = -28. Suppose 5*g = 5*a - 45, -2*a - 15*g - 4 = -19*g. Calculate the greatest common divisor of y and a.
5
Let l(q) = 3*q - 8. Let z be l(14). What is the highest common divisor of z and 3196?
34
Let d be (2/(-4))/1*(0 + 116). Let t = 62 + d. Let p(y) = 3*y + 2. Let b be p(t). What is the highest common divisor of b and 35?
7
Let k(o) = 286*o**2 + 69*o + 182. Let t be k(9). Calculate the greatest common divisor of t and 11.
11
Let k be 1 - (4/(-14) - 48/28). Suppose k - 42 = 13*o. Let z be (-25)/(o/(3 - 0)). Calculate the highest common divisor of 50 and z.
25
Let p(b) = -73*b + 23. Let a(i) = -2*i + 1. Let l(j) = 6*a(j) - p(j). Let q be l(2). What is the greatest common divisor of q and 35?
35
Let v(c) = -c**3 - 3*c**2 + 4*c + 3. Let h be v(-4). Suppose 0 = -5*t - h*f + 188, f - 75 = -22*t + 20*t. What is the greatest common divisor of t and 407?
37
Suppose -2*n + 539 = k, -3965 + 1275 = -5*k - 5*n. Suppose -3*j = 4*g - k, -g - 709 = -4*j - 4*g. What is the greatest common divisor of j and 35?
35
Let p(v) = 204*v**3 + 5*v**2 + v - 7. Let h = 681 + -679. Let i be p(h). Calculate the greatest common factor of i and 27.
27
Suppose -5*v + 78*x = 74*x - 1016, -3*v - x = -613. Suppose -5*n + 49 = -71. What is the highest common divisor of v and n?
12
Let x(v) = -20*v - 22. Let w be x(-3). Let i be w/57 + 16/(-3)*-1. Calculate the greatest common divisor of 4 and i.
2
Let w be (1215/(-6))/(546/72 - 8). Calculate the highest common divisor of w and 1080.
54
Let l = 8398 - 8374. Let d be 263 - -1 - (-2 + 2). Calculate the highest common divisor of l and d.
24
Suppose 1332*t - 1367*t = -110985. What is the greatest common divisor of 84 and t?
21
Let z be (-3)/21 - 1098/(-42) - 4. What is the highest common divisor of 1375 and z?
11
Suppose 5*r = -2*q + 10, -2*q - 1 - 7 = -4*r. Let s(h) = 22*h + 36. Let k be s(q). What is the highest common divisor of 828 and k?
36
Suppose 17 + 1 = b. Let y(n) = n - 1. Let a(c) = -6*c + 3. Let l(w) = -a(w) - 3*y(w). Let x be l(2). What is the highest common factor of b and x?
6
Let v = -7163 + 7182. What is the highest common divisor of v and 12521?
19
Let h be ((-6)/(-4))/(6/56). Suppose 50 - h = 9*i. Suppose -174 = -k - i*n, -n - 10 = -3*n. What is the greatest common divisor of 22 and k?
22
Suppose 3077 = 5*p + n, -2*p + 5*n + 1222 - 2 = 0. Calculate the greatest common divisor of p and 30.
15
Let o = 30 - 30. Suppose 3*u + 5 = -j + 17, 3*j + 2*u - 8 = o. Suppose 19*b - 18*b - 176 = j. What is the highest common divisor of 22 and b?
22
Let w(x) = 2*x**2 - 14*x - 90. Let q be w(-10). What is the greatest common divisor of q and 2125?
125
Suppose 8*k = -3*a + 4*k + 177, -2*k - 159 = -3*a. Let v(s) = -3*s - 1. Let h be v(-2). What is the greatest common divisor of h and a?
5
Let o(n) = -287 - 292 - 20*n + 787 - 304. Let t be o(-5). What is the highest common factor of t and 78?
2
Suppose 8*t = 235 - 107. Calculate the highest common divisor of t and 1832.
8
Let j(k) = -k + 12. Let x be j(8). Suppose -g - 4*w + 2 = -2, -5*w - x = -g. Suppose -6 = 8*n - 70. What is the highest common factor of g and n?
4
Suppose 3*g = 4*k + 17, -11*g + 7*g - 3*k + 31 = 0. Suppose -107 = -3*h - r, g = h - r - 22. Calculate the greatest common divisor of 272 and h.
34
Suppose -3*x - 1120 = 2*x. Let u = x + 314. Let t(h) = -2*h + 44. Let g be t(17). What is the highest common divisor of g and u?
10
Suppose 6*n - 140 = -4*n. Suppose -4*k = -n*k + 560. What is the highest common factor of 7 and k?
7
Let j = -67 - -66. Let h be j - ((-70)/(-4) + (-10)/20). Let r be (-2 - 59/(-2))/((-9)/h). What is the greatest common factor of 22 and r?
11
Suppose -2*u - 2680 = -22*u. Suppose -b + o - u = -476, -1 = -o. What is the highest common divisor of b and 7?
7
Let b be (0 + -6)/(11/(8635/(-10))). Suppose -13*z + 49 + b = 0. What is the highest common factor of z and 440?
40
Let p(k) = -k + 49. Let q be p(0). Suppose 0 = -7*b - 2171 + 2269. What is the greatest common factor of b and q?
7
Let l(z) = 160*z - 275. Let a be l(2). What is the highest common factor of a and 525?
15
Suppose 17*q - 12844 = 4*q. Suppose -13*k + q = -9*k. Let p = 2 + 11. What is the highest common factor of p and k?
13
Let z = 79 + -63. Suppose z + 0 = 8*p. Suppose p*k - 53 = 85. Calculate the greatest common factor of k and 23.
23
Let c(u) = u**2 + 79*u - 7542. Let y be c(-171). Calculate the greatest common divisor of y and 252.
126
Let k(q) = q**2 - 7*q + 17. Let x be k(4). Let g be 20/